 -10 = 6*n - n, -2*v - 4*n + 256 = 0. Calculate the highest common divisor of 12 and v.
12
Suppose -294 = 2*m + 5*j, -9*m = -6*m - 3*j + 420. Let p = 362 + m. What is the highest common factor of p and 20?
20
Suppose 3*n + 0*w = 4*w + 12, 4 = n - w. Calculate the greatest common divisor of 16 and n.
4
Let y be ((-4)/2)/(7/(-2240)*5). Suppose -4*u - 35 = -v + 1, 0 = -4*v + 3*u + 79. Calculate the greatest common divisor of v and y.
16
Let x = 185 - 42. Calculate the greatest common factor of x and 13.
13
Let m(x) = 2*x + 22. Let n be ((-7)/2)/((-7)/(-14)). Let b be m(n). Calculate the greatest common factor of b and 2.
2
Let x be (27/18)/((-1)/(20/(-6))). Suppose -s + 0 = -2. Calculate the greatest common factor of x and s.
1
Suppose -j = -f - 61, -j - 2*f = -f - 55. Calculate the greatest common divisor of j and 145.
29
Let y = 3471 - 2459. Suppose y = 57*r - 53*r. Let x be (46/3)/(2/3). What is the highest common factor of x and r?
23
Let r be 2/((-28)/(-370)) + 140/245. Calculate the highest common factor of r and 180.
9
Let p(d) = -d - 2. Let x be p(-4). Let c be -1*6/2*1. Let w = c - -21. Calculate the highest common divisor of x and w.
2
Let r = 6 - -6. Let c be (0 + -28)*7/42*-18. What is the greatest common factor of c and r?
12
Let s be (2/(-4))/((-3)/216*1). Let f be (-146)/(-9) + (-8)/s. What is the highest common factor of 144 and f?
16
Let j(p) = p**3 + 5*p**2 - 17*p - 13. Let b be j(-7). What is the greatest common divisor of b and 200?
8
Suppose -820 = -3*w + t, 4*t = -19*w + 22*w - 823. Calculate the highest common factor of 91 and w.
91
Let r be 2*(1 + (-1)/(-2)). Suppose -3 = -2*v - 9, -r*x = -2*v - 90. Suppose 5*o - 2 = x. Calculate the highest common factor of o and 54.
6
Let m be (1/(-2))/(3/(-6)). Suppose -m = 7*b - 29. Calculate the greatest common factor of b and 10.
2
Let g(f) = 50*f - 50. Let j be g(6). What is the greatest common factor of 10 and j?
10
Let o(a) = 11*a - 398. Let z be o(42). Calculate the greatest common divisor of z and 88.
8
Let k be (-36)/(-5)*20/8. Let n be (-105 - 1) + k/9. Let c be n/(-6) + 2/3. Calculate the greatest common divisor of c and 72.
18
Suppose 0 = 5*t, -9 = -13*v + 12*v + 4*t. Calculate the highest common factor of 549 and v.
9
Let k be 4 + 298 - 6*(-10)/(-12). What is the highest common factor of 27 and k?
27
Suppose 0 = 3*n - 0*f + 3*f - 51, 0 = -5*n + 2*f + 92. Let l = -60 + 105. What is the greatest common factor of l and n?
9
Suppose 6*k - 9 = 3*k. Suppose -11 = -k*c - 2, -f = -5*c - 31. Let w = 262 - 147. Calculate the greatest common divisor of w and f.
23
Suppose 5*j - 3*a = 25, 0 = -6*a + 8*a + 10. Suppose -q = -18 + 1. Suppose -j*v + 3*v - q = 0. What is the greatest common divisor of 68 and v?
17
Let m be (-5 + 5)/(-5) - (-32 + 0). Let h = -92 - -135. Let s = 91 - h. What is the highest common factor of s and m?
16
Let a(f) = -f**2 + 17*f + 20. Let s be a(9). Let t = 45 - 22. What is the highest common factor of t and s?
23
Suppose 0 = r - 2*u - 5, r - u - 3 - 3 = 0. Let v be (2 + -1 - 43)*54/(-36). Calculate the highest common divisor of v and r.
7
Suppose -12 = -71*f + 68*f. Calculate the greatest common divisor of f and 8.
4
Let y(k) = -3*k. Let s be y(-2). Let l(x) = -x**3 - 11*x**2 - 4*x - 26. Let d be l(-11). Calculate the greatest common divisor of s and d.
6
Suppose p + 44 = 3*v, 2*v - v - p = 14. Let o = -1676 + 1679. Calculate the highest common divisor of v and o.
3
Let a = -44 - -70. Suppose -7*f = -24 - 67. What is the greatest common divisor of a and f?
13
Suppose -155*i + 156*i - 570 = 0. Calculate the highest common divisor of 19 and i.
19
Suppose -23 = 2*l + 5*a, -5*a - 30 = 5*l - 10. Let x(h) = 12*h - 3. Let i be x(l). What is the highest common divisor of 45 and i?
9
Let o(w) = w**3 - w**2 - 4*w + 5. Let m be o(2). Let b = 14 + m. Calculate the greatest common divisor of 6 and b.
3
Let q = -260 - -370. Suppose -c = -0*c - q. Calculate the highest common factor of 10 and c.
10
Let k = 29 + 259. What is the greatest common divisor of 9 and k?
9
Let a(h) = 4*h - 12. Let l be a(13). Let y be 4 - 3/((-6)/l). What is the greatest common factor of 6 and y?
6
Suppose -2*v + 3*v - 4 = 0. Let k be 1 - (-2 - (v - 4)). Let o be (25 - k)/(6 + -4). Calculate the highest common factor of 22 and o.
11
Let h be (-8 - (-2 + 3))*6/(-9). Suppose -5*t = -h*t + 11. Calculate the greatest common divisor of t and 88.
11
Let p = 163 + -59. Suppose -5*k + 2*v = -782, 5*v + 204 = 3*k - 269. Calculate the greatest common factor of k and p.
52
Let i be (-1053)/(-6)*(-40)/(-30). What is the greatest common factor of 126 and i?
18
Suppose 2*o = 4*o - 5*r - 515, 0 = -4*o - 3*r + 1043. Calculate the highest common divisor of o and 104.
52
Suppose 6*m - 31*m = -3675. What is the highest common divisor of m and 15?
3
Let n(m) = m**2 - 2*m - 4. Let x be n(6). Let y = x - 16. Suppose 0 = -y*r + 2*r + 36. What is the highest common factor of r and 126?
18
Let z = 14 + 16. Suppose -3*o + 52 = -y - 1, -z = -2*o - 2*y. Calculate the highest common divisor of o and 136.
17
Suppose -5*y - 7 = -52. Let l(m) = 25*m + 11. Let u(w) = 12*w + 5. Let h(k) = -4*l(k) + 9*u(k). Let z be h(1). Calculate the greatest common factor of y and z.
9
Suppose 331 = 3*h + 1. Suppose -7*u = -16 - h. Calculate the highest common factor of u and 18.
18
Let v be 1/1 - (-104)/(-8). Let c(j) = j**3 + 12*j**2 - j - 1. Let l be c(v). Let n be (-1)/(1/l)*-4. Calculate the highest common factor of 11 and n.
11
Suppose -9*o - 91 + 658 = 0. Calculate the greatest common divisor of o and 21.
21
Let p(i) = -i**2 + 31*i + 6. Let h be p(29). What is the greatest common factor of h and 448?
64
Suppose 0 = -g + 2*k + 536, 33*k - 35*k = 2*g - 1096. What is the highest common factor of 17 and g?
17
Let a = 1726 - 1151. What is the greatest common divisor of a and 23?
23
Let k = 189 - 64. Calculate the greatest common divisor of 25 and k.
25
Suppose 197 = q - 213. What is the highest common divisor of q and 164?
82
Let u(t) = -83*t - 835. Let w be u(-24). Calculate the greatest common factor of 13 and w.
13
Let i = -250 + 324. Let s be ((-1)/(-1))/(2/222). Calculate the greatest common divisor of s and i.
37
Suppose -42*n - 345 = -57*n. What is the highest common divisor of n and 437?
23
Let o be 18/(-4)*(-52)/6. Let p(s) = s**3 - 12*s**2 + 2*s + 22. Let t be p(12). Let x = t - 20. Calculate the greatest common factor of o and x.
13
Let u(w) = 4*w**3 - 123*w**2 - 24*w + 88. Let b be u(31). Calculate the highest common divisor of 427 and b.
61
Let y = -34 - -40. Suppose 77 = 5*x - g, y*g + 6 = 3*g. Calculate the greatest common factor of x and 10.
5
Suppose -3*u - 6*h = -4*h - 766, 0 = 5*u - 2*h - 1250. Calculate the greatest common factor of u and 36.
36
Suppose 0 = 2*a - 3*c - 24, -8*a - 3*c = -4*a - 30. Let d = -14 + -36. Let u = -23 - d. What is the highest common divisor of u and a?
9
Let v = 0 + 26. Suppose 0 = q - 5, 78 = 4*d + 2*q - 44. Let p = d - v. What is the greatest common divisor of p and 1?
1
Suppose 5*i - f - 21 = 0, 3*i + f + 1 = 5*f. Suppose l = 3*l - 10, -i*l = -y - 20. Suppose 0 = -m + y*m - 416. What is the greatest common divisor of 26 and m?
26
Let j be 120/2 + (19 - 16). Suppose c + 3*r - 2*r - 7 = 0, -4*c + 42 = -3*r. Calculate the greatest common factor of j and c.
9
Let v be (-1)/(-3)*(-2 + -1). Let o be v/(-5) - 60/(-75). Let i = o + 14. What is the highest common factor of i and 75?
15
Suppose -3*k + 21 = 2*s - 0*k, 5*k = -3*s + 33. Let j be ((-128)/(-5))/(s/90). Suppose j = -3*b + 7*b. Calculate the highest common divisor of b and 24.
24
Let i be -9 + -12 + 23 + 1 + 101. What is the greatest common divisor of i and 520?
104
Let d(g) = 3*g**3 - g**2 - 4*g - 5. Let y be d(3). Calculate the greatest common divisor of 99 and y.
11
Suppose -96*m - 120 = -104*m. What is the greatest common factor of 75 and m?
15
Let d be (4/(-6))/(61/(-3294)). Calculate the highest common factor of 126 and d.
18
Let d = 30 + -30. Let u(h) = h**3 - 2*h**2 - h + 19. Let i be u(d). Calculate the greatest common factor of i and 209.
19
Let m be 4/(-8)*12960/(-27). Let p be (-35)/2*24/(-14). What is the highest common divisor of p and m?
30
Suppose 0 = -2*a - 7 + 15. Let g(q) = -4*q + 4. Let i be g(4). Let h be (a - 0)*i/(-8). Wh